{"id":415,"date":"2014-06-02T20:00:13","date_gmt":"2014-06-02T18:00:13","guid":{"rendered":"http:\/\/serveident.bisskultur.de\/?page_id=415"},"modified":"2019-07-15T17:39:55","modified_gmt":"2019-07-15T15:39:55","slug":"impressum","status":"publish","type":"page","link":"https:\/\/bisskultur.net\/wordpress\/impressum\/","title":{"rendered":"Impressum"},"content":{"rendered":"<h4>Dr. Paul-Wilhelm Hermsen<br \/>\nK\u00f6lner Str. 73<br \/>\n53913 Swisttal<br \/>\n<a href=\"https:\/\/bisskultur.net\">bisskultur.net<\/a><\/h4>\n<h4>Berufsbezeichnung: Zahnarzt<br \/>\nKammer: Zahn\u00e4rztekammer Nordrhein<br \/>\nBerufsbezeichnung verliehen im Land: NRW<\/h4>\n<h4>Tel: +49 2254 9691 230<br \/>\nFax: +49 2254 9691 233<\/h4>\n<h4>E-Mail: <a href=\"mailto:paul-wilhelm.hermsen@bisskultur.de\">bisskultur.net@t-online.de<\/a><\/h4>\n<h4>Verantwortlich im Sinne des \u00a7 5 des MDStV:<br \/>\nDr. Paul-Wilhelm Hermsen<\/h4>\n<h4><strong>Haftungshinweis:<\/strong><br \/>\nTrotz sorgf\u00e4ltiger inhaltlicher Kontrolle \u00fcbernehme ich keine Haftung f\u00fcr die Inhalte externer Links. F\u00fcr den Inhalt der verlinkten Seiten sind die jeweiligen Betreiber verantwortlich.<\/h4>\n","protected":false},"excerpt":{"rendered":"<p>Dr. Paul-Wilhelm Hermsen K\u00f6lner Str. 73 53913 Swisttal bisskultur.net Berufsbezeichnung: Zahnarzt Kammer: Zahn\u00e4rztekammer Nordrhein Berufsbezeichnung verliehen im Land: NRW Tel: +49 2254 9691 230 Fax: +49 2254 9691 233 E-Mail: bisskultur.net@t-online.de Verantwortlich im Sinne des \u00a7 5 des MDStV: Dr. Paul-Wilhelm Hermsen Haftungshinweis: Trotz sorgf\u00e4ltiger inhaltlicher Kontrolle \u00fcbernehme ich keine Haftung f\u00fcr die Inhalte externer [&hellip;]<\/p>\n","protected":false},"author":1,"featured_media":0,"parent":0,"menu_order":0,"comment_status":"closed","ping_status":"closed","template":"","meta":{"footnotes":""},"class_list":["post-415","page","type-page","status-publish","czr-hentry"],"_links":{"self":[{"href":"https:\/\/bisskultur.net\/wordpress\/wp-json\/wp\/v2\/pages\/415","targetHints":{"allow":["GET"]}}],"collection":[{"href":"https:\/\/bisskultur.net\/wordpress\/wp-json\/wp\/v2\/pages"}],"about":[{"href":"https:\/\/bisskultur.net\/wordpress\/wp-json\/wp\/v2\/types\/page"}],"author":[{"embeddable":true,"href":"https:\/\/bisskultur.net\/wordpress\/wp-json\/wp\/v2\/users\/1"}],"replies":[{"embeddable":true,"href":"https:\/\/bisskultur.net\/wordpress\/wp-json\/wp\/v2\/comments?post=415"}],"version-history":[{"count":6,"href":"https:\/\/bisskultur.net\/wordpress\/wp-json\/wp\/v2\/pages\/415\/revisions"}],"predecessor-version":[{"id":4350,"href":"https:\/\/bisskultur.net\/wordpress\/wp-json\/wp\/v2\/pages\/415\/revisions\/4350"}],"wp:attachment":[{"href":"https:\/\/bisskultur.net\/wordpress\/wp-json\/wp\/v2\/media?parent=415"}],"curies":[{"name":"wp","href":"https:\/\/api.w.org\/{rel}","templated":true}]}}