{"id":4416,"date":"2021-08-03T23:34:55","date_gmt":"2021-08-03T21:34:55","guid":{"rendered":"https:\/\/bisskultur.net\/wordpress\/?page_id=4416"},"modified":"2022-03-17T12:46:12","modified_gmt":"2022-03-17T11:46:12","slug":"flut-und-folgen","status":"publish","type":"page","link":"https:\/\/bisskultur.net\/wordpress\/flut-und-folgen\/","title":{"rendered":"Flut und Folgen"},"content":{"rendered":"\n<p style=\"font-size:23px\">Liebe wahre Menschen, die mir innerhalb von 40 Jahren beruflich begegnet sind!<br><br>Die Flut in der Nacht vom 14. auf den 15. Juli 2021, in Swisttal, &#8222;einem typischen Flutgebiet&#8220;, hat meiner pers\u00f6nlichen, beruflichen Laufbahn auf ihrem H\u00f6hepunkt ein hartes Ende gesetzt. Die Praxis ist sozusagen hinfort gesp\u00fclt worden und hat einen nicht unerheblichen Teil meiner Lebensplanung mitgenommen.<br><br>Der hieraus entstandene Schaden ist f\u00fcr mich zu verkraften, der darauf begr\u00fcndete Verlust an von uns gepflegtem, menschlichem Miteinander innerhalb der Dienstleistung Arztpraxis jedoch nur schwer.<br><br>Es macht keinen Sinn, f\u00fcr weitere 8 Jahre &#8211; ich w\u00e4re dann im 75. Lebensjahr &#8211; noch einmal einen Neustart zu wagen, da das von meinem Team praktizierte Miteinander und das Modell der kleinen Landpraxis unter den uns Zahn\u00e4rzten seitens der Beh\u00f6rden und zahn\u00e4rztlichen Verwaltungsorganen auferlegten und zugemuteten Belastungen definitiv zum Scheitern verurteilt ist.<br><br>Die gesellschaftliche Tendenz geht in diesem Metier rasant in Richtung Notwendigkeit ausschlie\u00dflich gewinnoptimierender &#8211; was auch immer darunter zu verstehen ist &#8211; Ausbeutung <strong>und sozialer Distanzierung<\/strong>, wobei konkret bei mir zugleich die f\u00fcr die Neuauflage eines einigerma\u00dfen konkurrenzf\u00e4higen Projektes im zunehmend pervertierenden und nach meinem Empfinden <em>todkranken Gesundheitssystem<\/em> erforderlichen Investitionen nur schwer unter 350TSD \u20ac zu halten sein w\u00fcrden.<br><br>Eine f\u00fcr mich absolut unertr\u00e4gliche Entwicklung, die von den von mir als SystemIdioten bezeichneten PolitikSchranzen jeglicher Couleur jenseits jeglicher F\u00fcrsorgepflicht und jenseits jeglicher Verantwortung geradezu kriminell voran getrieben wird.<br><br>Wenn ich z.B. einen Herrn Laschet wahrnehme, der bei seinem Auftritt am 02. August, in Heimerzheim, als Landesf\u00fcrst au\u00dfer Hohlphrasen nichts wirklich Hilfreiches im Gep\u00e4ck hatte, &#8222;muss ich einfach nur kotzen&#8220;.<br>Schlie\u00dflich ist es <em>diese Sorte Kreaturen<\/em>, die mit der Aufrechterhaltung ihrer <strong>CoronaL\u00fcge<\/strong> genau daf\u00fcr sorgen, dass die Flutopfer vorerst gar nicht in den Genu\u00df von Material und Handwerk gelangen, um ihre jeweiligen Existenzen \u00fcberhaupt wieder aufbauen zu k\u00f6nnen.<br><br>Anders ausgedr\u00fcckt:<br>Mir ist es um keinen Preis der irdischen Gepflogenheiten wert &#8211; und man m\u00f6ge mir meine Ausdrucksweise verzeihen &#8211; mir in meinem Alter f\u00fcr dieses &#8222;System&#8220; noch einmal den sogenannten Arsch aufzurei\u00dfen, dabei zugleich f\u00fcr teils sehr hohe Schulden und entsprechende Steueraufkommen zu b\u00fcrgen, aber das Risiko der Existenz ausschlie\u00dflich selbst zu tragen.<br><br><strong>Deshalb beende ich meine berufliche Lebensbahn als selbst\u00e4ndig praktizierender Zahnarzt, bedanke mich bei allen wahren Menschen, die mir und meinem Team nicht nur die Treue gehalten, sondern auch verstanden haben, wie wir &#8222;ticken&#8220;. <\/strong><br><br>Herzliche Gr\u00fc\u00dfe<br><a rel=\"noreferrer noopener\" href=\"https:\/\/bisskultur.net\/wordpress\/?page_id=4359\" data-type=\"URL\" target=\"_blank\">PWHermsen und Team<\/a><\/p>\n\n\n\n<p>&#8211;<\/p>\n\n\n\n<p class=\"has-medium-font-size\"><em><strong>Ich bedanke mich insbesondere bei meinem Patienten, Herrn Harald Thomas, der durch sein profundes K\u00f6nnen und Wissen in EDV und IT daf\u00fcr gesorgt hat, dass die &#8222;umgebungstechnisch&#8220; mit fort geschwemmte Internetpr\u00e4senz ersastzweise aber vollumf\u00e4nglich wiederbelebt werden konnte!<br>Ganz herzlichen Dank! <\/strong><br><\/em><br><br><\/p>\n","protected":false},"excerpt":{"rendered":"<p>Liebe wahre Menschen, die mir innerhalb von 40 Jahren beruflich begegnet sind! Die Flut in der Nacht vom 14. auf den 15. Juli 2021, in Swisttal, &#8222;einem typischen Flutgebiet&#8220;, hat meiner pers\u00f6nlichen, beruflichen Laufbahn auf ihrem H\u00f6hepunkt ein hartes Ende gesetzt. Die Praxis ist sozusagen hinfort gesp\u00fclt worden und hat einen nicht unerheblichen Teil meiner [&hellip;]<\/p>\n","protected":false},"author":1,"featured_media":0,"parent":0,"menu_order":0,"comment_status":"closed","ping_status":"closed","template":"","meta":{"footnotes":""},"class_list":["post-4416","page","type-page","status-publish","czr-hentry"],"_links":{"self":[{"href":"https:\/\/bisskultur.net\/wordpress\/wp-json\/wp\/v2\/pages\/4416","targetHints":{"allow":["GET"]}}],"collection":[{"href":"https:\/\/bisskultur.net\/wordpress\/wp-json\/wp\/v2\/pages"}],"about":[{"href":"https:\/\/bisskultur.net\/wordpress\/wp-json\/wp\/v2\/types\/page"}],"author":[{"embeddable":true,"href":"https:\/\/bisskultur.net\/wordpress\/wp-json\/wp\/v2\/users\/1"}],"replies":[{"embeddable":true,"href":"https:\/\/bisskultur.net\/wordpress\/wp-json\/wp\/v2\/comments?post=4416"}],"version-history":[{"count":64,"href":"https:\/\/bisskultur.net\/wordpress\/wp-json\/wp\/v2\/pages\/4416\/revisions"}],"predecessor-version":[{"id":4523,"href":"https:\/\/bisskultur.net\/wordpress\/wp-json\/wp\/v2\/pages\/4416\/revisions\/4523"}],"wp:attachment":[{"href":"https:\/\/bisskultur.net\/wordpress\/wp-json\/wp\/v2\/media?parent=4416"}],"curies":[{"name":"wp","href":"https:\/\/api.w.org\/{rel}","templated":true}]}}

<p style="font-size:23px">Liebe wahre Menschen, die mir innerhalb von 40 Jahren beruflich begegnet sind!<br><br>Die Flut in der Nacht vom 14. auf den 15. Juli 2021, in Swisttal, &#8222;einem typischen Flutgebiet&#8220;, hat meiner persönlichen, beruflichen Laufbahn auf ihrem Höhepunkt ein hartes Ende gesetzt. Die Praxis ist sozusagen hinfort gespült worden und hat einen nicht unerheblichen Teil meiner Lebensplanung mitgenommen.<br><br>Der hieraus entstandene Schaden ist für mich zu verkraften, der darauf begründete Verlust an von uns gepflegtem, menschlichem Miteinander innerhalb der Dienstleistung Arztpraxis jedoch nur schwer.<br><br>Es macht keinen Sinn, für weitere 8 Jahre &#8211; ich wäre dann im 75. Lebensjahr &#8211; noch einmal einen Neustart zu wagen, da das von meinem Team praktizierte Miteinander und das Modell der kleinen Landpraxis unter den uns Zahnärzten seitens der Behörden und zahnärztlichen Verwaltungsorganen auferlegten und zugemuteten Belastungen definitiv zum Scheitern verurteilt ist.<br><br>Die gesellschaftliche Tendenz geht in diesem Metier rasant in Richtung Notwendigkeit ausschließlich gewinnoptimierender &#8211; was auch immer darunter zu verstehen ist &#8211; Ausbeutung <strong>und sozialer Distanzierung</strong>, wobei konkret bei mir zugleich die für die Neuauflage eines einigermaßen konkurrenzfähigen Projektes im zunehmend pervertierenden und nach meinem Empfinden <em>todkranken Gesundheitssystem</em> erforderlichen Investitionen nur schwer unter 350TSD € zu halten sein würden.<br><br>Eine für mich absolut unerträgliche Entwicklung, die von den von mir als SystemIdioten bezeichneten PolitikSchranzen jeglicher Couleur jenseits jeglicher Fürsorgepflicht und jenseits jeglicher Verantwortung geradezu kriminell voran getrieben wird.<br><br>Wenn ich z.B. einen Herrn Laschet wahrnehme, der bei seinem Auftritt am 02. August, in Heimerzheim, als Landesfürst außer Hohlphrasen nichts wirklich Hilfreiches im Gepäck hatte, &#8222;muss ich einfach nur kotzen&#8220;.<br>Schließlich ist es <em>diese Sorte Kreaturen</em>, die mit der Aufrechterhaltung ihrer <strong>CoronaLüge</strong> genau dafür sorgen, dass die Flutopfer vorerst gar nicht in den Genuß von Material und Handwerk gelangen, um ihre jeweiligen Existenzen überhaupt wieder aufbauen zu können.<br><br>Anders ausgedrückt:<br>Mir ist es um keinen Preis der irdischen Gepflogenheiten wert &#8211; und man möge mir meine Ausdrucksweise verzeihen &#8211; mir in meinem Alter für dieses &#8222;System&#8220; noch einmal den sogenannten Arsch aufzureißen, dabei zugleich für teils sehr hohe Schulden und entsprechende Steueraufkommen zu bürgen, aber das Risiko der Existenz ausschließlich selbst zu tragen.<br><br><strong>Deshalb beende ich meine berufliche Lebensbahn als selbständig praktizierender Zahnarzt, bedanke mich bei allen wahren Menschen, die mir und meinem Team nicht nur die Treue gehalten, sondern auch verstanden haben, wie wir &#8222;ticken&#8220;. </strong><br><br>Herzliche Grüße<br><a rel="noreferrer noopener" href="https://bisskultur.net/wordpress/?page_id=4359" data-type="URL" target="_blank">PWHermsen und Team</a></p>



<p>&#8211;</p>



<p class="has-medium-font-size"><em><strong>Ich bedanke mich insbesondere bei meinem Patienten, Herrn Harald Thomas, der durch sein profundes Können und Wissen in EDV und IT dafür gesorgt hat, dass die &#8222;umgebungstechnisch&#8220; mit fort geschwemmte Internetpräsenz ersastzweise aber vollumfänglich wiederbelebt werden konnte!<br>Ganz herzlichen Dank! </strong><br></em><br><br></p>

<p>Liebe wahre Menschen, die mir innerhalb von 40 Jahren beruflich begegnet sind! Die Flut in der Nacht vom 14. auf den 15. Juli 2021, in Swisttal, &#8222;einem typischen Flutgebiet&#8220;, hat meiner persönlichen, beruflichen Laufbahn auf ihrem Höhepunkt ein hartes Ende gesetzt. Die Praxis ist sozusagen hinfort gespült worden und hat einen nicht unerheblichen Teil meiner [&hellip;]</p>
